it of 1162886978?
2
What is the ten millions digit of 203277197?
0
What is the tens digit of 70215441?
4
What is the hundred thousands digit of 1586421338?
4
What is the thousands digit of 80867904?
7
What is the units digit of 6636045360?
0
What is the billions digit of 4188694472?
4
What is the ten thousands digit of 117295250?
9
What is the hundred thousands digit of 740653711?
6
What is the ten thousands digit of 2027992383?
9
What is the ten millions digit of 444973389?
4
What is the ten millions digit of 86674179?
8
What is the units digit of 17307967?
7
What is the ten millions digit of 54539993?
5
What is the hundreds digit of 5031326?
3
What is the thousands digit of 119777547?
7
What is the units digit of 42152103?
3
What is the tens digit of 570599321?
2
What is the millions digit of 674942736?
4
What is the ten millions digit of 355319301?
5
What is the ten millions digit of 535068142?
3
What is the millions digit of 87616941?
7
What is the ten millions digit of 81565297?
8
What is the ten thousands digit of 1090436444?
3
What is the millions digit of 2910325488?
0
What is the thousands digit of 172070760?
0
What is the ten millions digit of 20646290?
2
What is the hundreds digit of 6861636?
6
What is the ten thousands digit of 2062056645?
5
What is the thousands digit of 281550411?
0
What is the millions digit of 33663410?
3
What is the hundreds digit of 151360058?
0
What is the tens digit of 47731754?
5
What is the units digit of 214370131?
1
What is the thousands digit of 146932453?
2
What is the ten thousands digit of 23104898?
0
What is the hundred thousands digit of 6324792176?
7
What is the hundred thousands digit of 1284723838?
7
What is the tens digit of 92793197?
9
What is the hundred millions digit of 319353523?
3
What is the millions digit of 2911252688?
1
What is the thousands digit of 29625253?
5
What is the units digit of 4730740381?
1
What is the units digit of 316829?
9
What is the millions digit of 437193795?
7
What is the hundred millions digit of 2028129972?
0
What is the thousands digit of 39874761?
4
What is the hundreds digit of 6928864354?
3
What is the millions digit of 2487775?
2
What is the tens digit of 24557921?
2
What is the thousands digit of 146869755?
9
What is the hundred millions digit of 120190783?
1
What is the thousands digit of 72010244?
0
What is the units digit of 1898921729?
9
What is the billions digit of 1263848983?
1
What is the ten millions digit of 151046620?
5
What is the hundreds digit of 176432554?
5
What is the ten millions digit of 3751503918?
5
What is the units digit of 40221382?
2
What is the tens digit of 7786516561?
6
What is the tens digit of 321536598?
9
What is the ten thousands digit of 556364824?
6
What is the hundreds digit of 68547600?
6
What is the ten millions digit of 912399381?
1
What is the units digit of 375565664?
4
What is the ten thousands digit of 1326965713?
6
What is the thousands digit of 2071229860?
9
What is the tens digit of 1200892338?
3
What is the units digit of 401843209?
9
What is the hundred thousands digit of 1495905036?
9
What is the hundreds digit of 288531221?
2
What is the millions digit of 1389182923?
9
What is the ten thousands digit of 105100549?
0
What is the tens digit of 80859994?
9
What is the tens digit of 99103121?
2
What is the hundred thousands digit of 1424928873?
9
What is the tens digit of 561159394?
9
What is the thousands digit of 37731626?
1
What is the thousands digit of 120767305?
7
What is the ten thousands digit of 451310668?
1
What is the hundred thousands digit of 102343098?
3
What is the thousands digit of 162770621?
0
What is the ten thousands digit of 221821024?
2
What is the millions digit of 5780150918?
0
What is the millions digit of 8783188?
8
What is the millions digit of 3375025045?
5
What is the hundred thousands digit of 37639612?
6
What is the ten millions digit of 9264272749?
6
What is the millions digit of 68899447?
8
What is the thousands digit of 965298365?
8
What is the ten millions digit of 15932574?
1
What is the units digit of 34694741?
1
What is the ten millions digit of 969932487?
6
What is the hundred thousands digit of 453182178?
1
What is the hundreds digit of 6182961450?
4
What is the hundred thousands digit of 475056994?
0
What is the ten thousands digit of 162900430?
0
What is the millions digit of 110262763?
0
What is the hundred millions digit of 420486649?
4
What is the ten thousands digit of 3806908607?
0
What is the units digit of 121939099?
9
What is the hundred thousands digit of 48835927?
8
What is the thousands digit of 1745841596?
1
What is the tens digit of 677621085?
8
What is the ten millions digit of 3741757841?
4
What is the ten thousands digit of 476450963?
5
What is the ten thousands digit of 88863884?
6
What is the millions digit of 19482755?
9
What is the thousands digit of 1326564280?
4
What is the tens digit of 50641947?
4
What is the ten thousands digit of 5930179515?
7
What is the hundred thousands digit of 73460807?
4
What is the hundreds digit of 7962956486?
4
What is the ten millions digit of 1135197136?
3
What is the thousands digit of 594049612?
9
What is the tens digit of 1911166802?
0
What is the ten millions digit of 5390014814?
9
What is the hundred thousands digit of 58117533?
1
What is the hundred thousands digit of 674218240?
2
What is the millions digit of 119716140?
9
What is the ten millions digit of 80020625?
8
What is the ten thousands digit of 4720012576?
1
What is the hundred thousands digit of 1705615985?
6
What is the tens digit of 140428718?
1
What is the hundred thousands digit of 3677549422?
5
What is the units digit of 250637364?
4
What is the ten millions digit of 354702638?
5
What is the millions digit of 21515416?
1
What is the millions digit of 151870087?
1
What is the ten thousands digit of 111108158?
0
What is the units digit of 37388984?
4
What is the hundreds digit of 266647036?
0
What is the thousands digit of 562601?
2
What is the ten millions digit of 2424879866?
2
What is the tens digit of 31583866?
6
What is the ten millions digit of 38733773?
3
What is the hundred thousands digit of 4933928300?
9
What is the hundreds digit of 57818570?
5
What is the ten millions digit of 711014583?
1
What is the hundred thousands digit of 4410004395?
0
What is the thousands digit of 56852062?
2
What is the hundred thousands digit of 1106588186?
5
What is the hundred millions digit of 320924350?
3
What is the thousands digit of 1816355623?
5
What is the tens digit of 893738046?
4
What is the tens digit of 53139636?
3
What is the units digit of 4039745580?
0
What is the hundred thousands digit of 198520558?
5
What is the tens digit of 218089756?
5
What is the ten millions digit of 18678149?
1
What is the tens digit of 1268978504?
0
What is the thousands digit of 1986241461?
1
What is the hundred thousands digit of 94135571?
1
What is the hundreds digit of 465932609?
6
What is the hundred millions digit of 555193870?
5
What is the tens digit of 17089954?
5
What is the hundreds digit of 777580140?
1
What is the hundred millions digit of 360589532?
3
What is the hundred thousands digit of 18420290?
4
What is the units digit of 62060737?
7
What is the ten thousands digit of 13631219?
3
What is the millions digit of 863269270?
3
What is the ten millions digit of 2705070034?
0
What is the ten millions digit of 393188127?
9
What is the hundred thousands digit of 375256597?
2
What is the ten millions digit of 2497599048?
9
What is the units digit of 7334047?
7
What is the hundreds digit of 508846299?
2
What is the hundred millions digit of 224692634?
2
What is the thousands digit of 31660811?
0
What is the hundred thousands digit of 3034483299?
4
What is the millions digit of 2849259191?
9
What is the thousands digit of 910149802?
9
What is the hundred thousands digit of 780943635?
9
What is the ten thousands digit of 78065441?
6
What is the units digit of 16596824?
4
What is the ten millions digit of 157521133?
5
What is the hundreds digit of 27414435?
4
What is the hundreds digit of 106278724?
7
What is the units digit of 1526291218?
8
What is the hundreds digit of 347112?
1
What is the units digit of 107661185?
5
What is the millions digit of 7075217